 2*n - n**3 + 0*n**3 + 2*n**2. Let d be j(2). Suppose -27 - 43 = -d*k. Calculate the highest common divisor of k and 7.
7
Suppose 148 = 4*v + 48. What is the highest common factor of 10 and v?
5
Let o be 9/(27/60) - 2*2. Calculate the greatest common divisor of 12 and o.
4
Suppose 0 = -3*c + 7*c - 1540. What is the greatest common divisor of 35 and c?
35
Let f = -24 + 24. Suppose f = -4*q, -5*q - 2 = -4*u + 30. Calculate the highest common factor of u and 1.
1
Let k(n) = 10*n - 4. Let x be k(-4). Let f be x/(-10) - (-6)/(-15). Calculate the greatest common factor of f and 4.
4
Let u be 1 + 0 + 20 + -3. Let v be (2/(-4))/((-3)/u). Let o be 1*55 - (4 - v). Calculate the greatest common factor of 9 and o.
9
Let b(p) = p**2 + 69. Let o be b(0). Suppose -5*r - 3*d + 60 = 0, -o = -5*r - 5*d - 9. What is the highest common divisor of 12 and r?
12
Let f be (-4)/(5 - 1) + (126 - -1). Suppose -2*y + 26 = -10. Calculate the greatest common factor of y and f.
18
Suppose 301 + 139 = 4*a. Suppose -5*y + 2*x = 271, 4*y + x + 209 = -0*x. Let w = y + 97. Calculate the greatest common divisor of a and w.
22
Let r = -58 + 112. Let a(o) = -9*o - 19. Let q(y) = -5*y - 10. Let l(u) = -4*a(u) + 7*q(u). Let h be l(0). What is the greatest common divisor of h and r?
6
Suppose u + u - 4 = 0. Suppose -b + u*b = 15. Let l be 58/18 + 2/(-9). What is the highest common factor of b and l?
3
Let p be ((-4)/(-4))/((-19)/(-9) - 2). What is the highest common divisor of 27 and p?
9
Let p(a) = -162*a. Let s = -11 + 10. Let l be p(s). Calculate the greatest common divisor of 18 and l.
18
Let i = -143 + 150. What is the greatest common factor of 203 and i?
7
Let o = -21 + 14. Let d = 11 + o. Suppose c + 227 = 5*i, c = -d*i - 2*c + 174. Calculate the greatest common factor of 9 and i.
9
Suppose -v + 51 = 4*v - n, 4*v - 36 = -4*n. Let m(a) = a**2 - 3*a + 16. Let u = 6 + -12. Let k be m(u). Calculate the highest common divisor of k and v.
10
Suppose z + 297 = 3*c + c, 0 = -5*c - 5*z + 390. Suppose 0 = 3*j + 2*j - c. Calculate the highest common divisor of 105 and j.
15
Let f be (-3)/(-6) + (-278)/(-4). What is the highest common factor of f and 35?
35
Let i = -1 + -26. Let t = i + 41. Calculate the highest common factor of t and 126.
14
Let b = -119 - -132. Calculate the highest common factor of 1 and b.
1
Let t be (-12)/48 - 82/(-8). Calculate the greatest common factor of 30 and t.
10
Suppose 5*z - 185 = -60. Calculate the highest common factor of z and 275.
25
Let f = -51 - -79. Calculate the greatest common divisor of 4 and f.
4
Let r be (-6)/(-2) + (3 - 4). Suppose r = 2*p - 22. Calculate the highest common divisor of 12 and p.
12
Suppose 47 = 2*f - 91. What is the highest common factor of f and 23?
23
Let a be ((-6)/1)/(3/(-6)). Suppose -a = 4*u, -2*t + 2 = 3*u + 7. Suppose 2*i + 0 = t. Calculate the highest common factor of i and 1.
1
Suppose -5*g + y + 101 = 0, -2*g + 41 = 3*y + 4. Let u = g - 14. Let p be (-3)/(-6) - (-3)/2. What is the highest common factor of u and p?
2
Suppose 7*p = 3*p + 200. Suppose 0 = 3*s + 4*d + 173, -s - 3*d = 44 + 22. Let v = -31 - s. What is the greatest common factor of v and p?
10
Suppose -g - g + 21 = -z, -2*g - 3*z + 9 = 0. Calculate the highest common divisor of 108 and g.
9
Suppose 117 = 6*c - 171. Suppose -b = 2*b - 36. Calculate the greatest common factor of b and c.
12
Suppose 1 + 3 = 5*a + 3*y, 3*y + 6 = 0. What is the highest common factor of 2 and a?
2
Let o = -129 - -257. Suppose c = -c + o. Let p(q) = q**2 + q - 4. Let v be p(-5). Calculate the highest common divisor of c and v.
16
Suppose 8*i - 7*i - 16 = 0. Let r = 21 - i. What is the highest common divisor of r and 2?
1
Let p be 30/4*12/(-9). Let f = p + 16. Let a(d) = 65*d**2 + 1. Let l be a(1). Calculate the highest common divisor of f and l.
6
Let l be 1/((-8)/20 - (-3)/6). Calculate the greatest common factor of 70 and l.
10
Let w(v) = v**2 + 8*v + 2. Let p be w(-9). Let m be ((-2)/4)/((-1)/66). Calculate the highest common divisor of m and p.
11
Suppose -2*b - 3*h + 13 = 0, -3*b - 4*h = -4*b - 10. Suppose -2*k + 100 = 2*k - b*t, t + 2 = 0. Calculate the highest common divisor of k and 3.
3
Let o = -40 + 43. What is the greatest common factor of 1 and o?
1
Suppose 3*j - 1001 = -191. Calculate the greatest common factor of 30 and j.
30
Suppose 4*b - 8 = -0*b. Suppose -2*m + 144 = b*m + 2*t, 3*t = m - 36. What is the greatest common divisor of 9 and m?
9
Let m = -30 - -37. Let p = -183 + 265. Suppose -p = -5*s + 163. Calculate the greatest common factor of s and m.
7
Suppose d + d - 8 = 0. Suppose -5*y + d*y + 9 = 0. Let k = y + -6. What is the greatest common divisor of 6 and k?
3
Let h be 278/8 + (-2)/(-8). Let g(a) = -2*a + 4. Let z = -6 + 1. Let o be g(z). Calculate the greatest common factor of h and o.
7
Let v = -6 + 26. Calculate the highest common factor of 160 and v.
20
Suppose 13*i - 22*i = -315. Calculate the greatest common factor of i and 14.
7
Suppose 2*w = 84 + 10. What is the greatest common factor of w and 47?
47
Suppose 3*n - 25 + 7 = 0. Let x(c) = -1 + 7 + c**3 - 2*c**3 + c + 7*c**2. Let b be x(n). Calculate the greatest common factor of b and 6.
6
Suppose -5*k + 3 = -3*x + 1, 4*x - 7 = -3*k. What is the highest common factor of x and 3?
1
Let a be -1*2*1/(-2). Let f = 0 - 2. Let m be ((-2 - f) + a)*17. What is the greatest common factor of 136 and m?
17
Let w be 1/2 + 15/2. Suppose 3*a - w - 25 = 0. Calculate the greatest common factor of a and 11.
11
Suppose 0 = -5*b + b + 152. What is the greatest common divisor of b and 57?
19
Suppose -6*r = -r - 3*p - 10, 4*r - 5 = 3*p. Suppose 0 = -r*n + 5 + 45. Calculate the greatest common factor of 80 and n.
10
Suppose 221 = -2*w + 749. Calculate the highest common divisor of w and 24.
24
Let c = 142 - 47. Calculate the greatest common divisor of c and 19.
19
Suppose 0 = -5*d + 134 + 191. Let x = d - 23. Calculate the greatest common factor of 14 and x.
14
Let q = 74 - -38. Let r(u) be the first derivative of 7*u**4/2 - u**3/3 + u - 8. Let b be r(1). Calculate the highest common factor of q and b.
14
Let j be (4/5)/(18/225). Calculate the greatest common divisor of 2 and j.
2
Suppose -2*i = -f + 52, 0 = 2*f + 2*f - 3*i - 203. Let g(n) = 6*n + 33. Let p be g(7). What is the highest common divisor of p and f?
25
Suppose g - 153 = 27. Calculate the greatest common factor of g and 20.
20
Let k be -2*(52/(-8) + 4). Suppose -k*x = 4*b - 196, 4*b - 208 = 2*x + 16. What is the greatest common factor of 36 and b?
18
Suppose 3*g + 5*r - 58 - 30 = 0, -100 = -4*g + 2*r. Suppose -10*j + 78 = -4*j. Calculate the greatest common factor of j and g.
13
Let y be 6/10 + 1 + 57/(-95). Let h be -1 - (-1)/((-1)/(-10)). Calculate the highest common factor of h and y.
1
Let n = -4 + 4. Suppose s - 3*s - 10 = 5*x, 3*x + s + 5 = n. Let l = 4 - x. Calculate the highest common factor of l and 1.
1
Let i(a) = 7*a - 2. Let s be i(3). Suppose 134 + 22 = 4*k + 4*g, -2*k = -3*g - 73. Calculate the greatest common factor of s and k.
19
Let q be (-22)/(-4)*1*18. Suppose -2*d + 4*d = 18. Calculate the highest common divisor of d and q.
9
Let l(o) = -3*o - 1. Let z be l(4). Let b(t) = t**3 - 6*t**2 - 2*t + 5. Let w be b(6). Let v = w - z. What is the greatest common divisor of v and 9?
3
Suppose 2*r - 48 = -2*r. What is the highest common factor of r and 276?
12
Suppose -12 = -2*a - c - 171, -2*a = -2*c + 162. Let z be ((-27)/(-4))/((-6)/a). Let f = -57 - -67. What is the greatest common factor of f and z?
10
Let h be 1 + 1 + 2 - 1. Suppose -8 = -h*z + 16. What is the highest common factor of z and 20?
4
Let v = -42 + 54. Suppose 108 = 3*c - 0. What is the highest common divisor of c and v?
12
Let d = 7 - -11. Let o = 20 - 14. What is the greatest common factor of d and o?
6
Let u be 4/2 - 1/1. Let j = 13 + -15. Let v be 28 + u + 4/j. Calculate the greatest common divisor of v and 18.
9
Let q(r) = -4*r - 8. Let m be q(-6). Suppose m = g - 24. Calculate the greatest common factor of 100 and g.
20
Let y(g) = 115*g**2 - g - 7. Let a(s) = -s**2 - 1. Let f(v) = -6*a(v) + y(v). Let q be f(-1). Calculate the greatest common factor of q and 11.
11
Let c(a) = 28*a**2 - 1. Let h be c(1). What is the highest common divisor of h and 3?
3
Let t be (1040/56)/((-1